4*w**2 - 2*w**2 - 3*w**2 - 5*w**3. Let o be 4/6*15/(-10). What are the prime factors of j(o)?
2
Let g(m) = 38*m - 16. What are the prime factors of g(5)?
2, 3, 29
Suppose w = -3*w + 84. What are the prime factors of w?
3, 7
Let f = -85 - -171. List the prime factors of f.
2, 43
Let z = 322 - 143. List the prime factors of z.
179
Suppose 6*o = o - 15, 4*d + 3*o = -9. Let v be (2*-1 - 7) + d. Let a = v + 15. What are the prime factors of a?
2, 3
Let p be (7/1 + 3)/2. Suppose 38 - 5 = 3*d + p*n, -2*d = -4*n. What are the prime factors of d?
2, 3
Let t(p) = 5*p + 12. Suppose 11*w = 13*w - 12. What are the prime factors of t(w)?
2, 3, 7
Let w(j) = -j - 1. Let r be w(-4). Suppose -2*g - 3*a + 8 = r, 5*g - 18 = -2*a. Suppose -g*l + 11 = -13. List the prime factors of l.
2, 3
Let f = -29 - -86. Let b be 6/(-9)*f/(-2). Let x = b - 13. What are the prime factors of x?
2, 3
Suppose 7*l = 6*l + 111. List the prime factors of l.
3, 37
Let g(k) = k**2 - 2*k + 1. Let b be 1/3*(0 - -3). Suppose -b + 7 = u - 2*s, -7 = -2*u - s. List the prime factors of g(u).
3
Let g be 4/((6/2)/6). Let y be (18/g)/(6/32). What are the prime factors of (-6)/15 - y/(-5)?
2
Let n = 134 - 212. List the prime factors of n/(-8) - (-2)/8.
2, 5
Let w(d) = 36*d**2 - 2*d - 1. Let f be w(-1). Let n be (-8)/(-12) - f/(-3). Let h = n + -9. List the prime factors of h.
2
Let w(a) = a**3 - 7*a**2 - 8*a - 4. Let u be w(8). Let j = 13 + u. What are the prime factors of j?
3
Let j(t) = -3 + 3 - 8*t. Let b be j(-2). Suppose -m - m = -b. List the prime factors of m.
2
Let n = -50 + 149. List the prime factors of n.
3, 11
Let n be 236/(-8) + 1/2. Let p = n + 66. List the prime factors of p.
37
Suppose -5*x + 2*x - 15 = 3*q, 3*q - 20 = 4*x. Suppose -5*t - 2*m = -13, 2*t - 5 = -m - q. Let u(j) = 3*j - 3. What are the prime factors of u(t)?
2, 3
Let l(b) = -9*b + 1. Let w be l(4). Let r = w - -74. What are the prime factors of r?
3, 13
Let b be 16 - 2/3*3. Suppose g - b = 4*i, -2*i - 11 = 2*g + 3*i. Let c = g - -5. List the prime factors of c.
7
Let u = -71 + 101. What are the prime factors of u?
2, 3, 5
Suppose u = -z - 2*z - 2, 20 = 4*z. Let s = u + 37. What are the prime factors of s?
2, 5
Suppose 5*w = -5*x + 35, -14 = -4*w + 5*x + 23. List the prime factors of w.
2
Suppose -4*w = 2*z - 72, 4*z - 2*z + 80 = 4*w. Suppose 3*q = 2*q + w. What are the prime factors of q?
19
Suppose -2*x = -2 - 8, 2*l + x = 11. What are the prime factors of (1 - l)/(1/(-6))?
2, 3
What are the prime factors of 2/8 + (-21)/(-28)*337?
11, 23
Let g be (2/(-6))/((-4)/24). List the prime factors of g/4*(-2 - -50).
2, 3
Let b(w) = -w**2 + 8*w - 4. List the prime factors of b(6).
2
Let j(d) = -5*d + 7. Let p be j(-5). Suppose 4*v + 48 = v. Let k = v + p. List the prime factors of k.
2
Suppose 0 = -d + 3*l - 0*l + 2, 0 = 4*d - 3*l + 28. Let u be (-4)/d + (-190)/(-25). Suppose n = -0*n + u. What are the prime factors of n?
2
Let f(h) be the first derivative of -h**2/2 + h - 4. What are the prime factors of f(-8)?
3
Let h(v) = 4*v - 3. What are the prime factors of h(12)?
3, 5
Let s = 8 + 2. Let w = -6 + s. What are the prime factors of w?
2
Let a(u) = 3*u - 3. Let b = 5 - 3. What are the prime factors of a(b)?
3
Let f(c) = -168*c**2 - c. Let g be f(1). Let j = -119 - g. List the prime factors of j.
2, 5
Let u(h) = -h + 3. Let x(l) = 2*l - 5. Let w(d) = 8*u(d) + 5*x(d). Let a be w(2). Suppose 2*i - a = 7. List the prime factors of i.
5
Suppose -3*v - 4*v = -385. List the prime factors of v.
5, 11
Let z = -8 - -13. Suppose 4*y + z*l - 4 = 3*y, -5*y - l + 20 = 0. Suppose -1 = -y*d + 7. List the prime factors of d.
2
Let k be 25 + (16/4)/4. Suppose -11 - k = -h + 4*m, -5*h + 2*m = -113. List the prime factors of h.
3, 7
Let n = -33 - -21. Let l = 16 + n. List the prime factors of l.
2
Let r = 97 - 63. What are the prime factors of r?
2, 17
Let g(f) = f**2 - 10*f - 6. Let a be g(10). Let v be (-2)/((-5)/((-45)/a)). List the prime factors of 9 - (3/v - 1).
3
Suppose -3*g - 2*x = 8, 3*g + x + 0*x + 10 = 0. Let h be (-214)/(-10) + g/10. Suppose h = 3*f + 9. List the prime factors of f.
2
Suppose 2 = 2*a + 14. Let t be (-3)/(a/2)*5. Suppose 0*r + 25 = 3*j - 2*r, -45 = -t*j + 5*r. List the prime factors of j.
7
Let c(n) be the third derivative of n**4/12 - n**3/3 + 3*n**2. Let s be ((-4)/(-3))/(1/3). List the prime factors of c(s).
2, 3
Suppose 0 = 9*b - 5*b - 384. List the prime factors of b.
2, 3
Let k be 13*1/(-4)*4. Let x = k + 23. Suppose 5*p = x, 4*g - 24 - 30 = -p. List the prime factors of g.
13
Let k(u) = -11*u - 1. What are the prime factors of k(-4)?
43
Suppose 2*t - 1300 = -4*v - 134, -2*v + 598 = -4*t. What are the prime factors of v?
293
Suppose 2*v = 3*w + 2 - 6, -5*v = -5*w + 5. Suppose -j - 4*j = -w*r - 34, -4*r - 38 = 5*j. Let u = r + 27. List the prime factors of u.
3, 5
Let w(u) be the first derivative of -u**3/3 + 3*u**2 + u + 1. Let d be w(5). Suppose h + 20 = d*h. List the prime factors of h.
2
Suppose -2*w - 13 = -p - 2*p, p - 2*w - 7 = 0. Let r be p/(-2)*(-4 - 0). Suppose -20 = -2*v + 4*k, -3*k + r*k = -6. What are the prime factors of v?
2, 3
Suppose i - 4 = 17. List the prime factors of i.
3, 7
Let x be -10*(1 - (-3)/(-2)). Suppose -3*t - 4*b + 77 = 0, -56 = -0*t - 2*t - x*b. List the prime factors of t.
23
Let i = 21 - -5. What are the prime factors of i?
2, 13
Let q = 8 - -15. Let f = -16 + q. List the prime factors of f.
7
Let g be (5 - 2)*4/(-6). Let h = g - -2. Suppose h*k + 2 = k. What are the prime factors of k?
2
Let p = -14 - -15. List the prime factors of p*75/(1 + 2).
5
List the prime factors of 38 + (-5)/(-10)*-6.
5, 7
Let x = -24 - 20. List the prime factors of x/(-7) + 6/(-21).
2, 3
Let r(p) = -p**3 + 20*p**2 - 10*p + 12. What are the prime factors of r(19)?
3, 61
Let k = 55 + -18. List the prime factors of k.
37
Let h(i) = -4 - 1 - 3*i + 2*i. Let q be h(-5). Suppose 2*p - 3*j - 19 = q, 0*j = 2*p - 2*j - 16. List the prime factors of p.
5
List the prime factors of (423/(-6))/(-3 - (-55)/20).
2, 3, 47
Let u = 13 + 19. What are the prime factors of u?
2
Let h(j) = -j**3 - j**2 - j + 41. List the prime factors of h(0).
41
Let v(f) = 34*f - 2. Suppose 5*l - r = -0*r + 9, 4*r = -4*l - 12. What are the prime factors of v(l)?
2
Suppose 3*j = 2*f + 47, 5*j - 34 = 2*f + 47. List the prime factors of j.
17
Suppose -3*l - 24 = -5*l. Suppose -2*d + 4*t = -0*t + l, 2 = -3*d + 2*t. Let j = d + 1. List the prime factors of j.
3
Let p be 114/(-9) - 6/(-9). Let j be (-80)/24*p/(-10). Let o = j + 22. What are the prime factors of o?
2, 3
Let y = 398 + -194. List the prime factors of y.
2, 3, 17
Suppose -4*n + 2*f - 4 = 6*f, n + 1 = -5*f. List the prime factors of 0 + n/(-1)*11.
11
Let m(g) = 2*g + 2. Let r be 20/4 - (-1 - -2). Suppose -4*l + r*o = -8, 3 = 2*o + o. List the prime factors of m(l).
2
Let m(w) = -22*w + 5. What are the prime factors of m(-6)?
137
Let s(q) = -71*q. Let f be s(-2). Let z be f/9 + (-2)/(-9). Suppose -2*k = -4 - z. List the prime factors of k.
2, 5
What are the prime factors of (-1 - 33/(-2))*2?
31
List the prime factors of (-12)/30 + 1328/20.
2, 3, 11
List the prime factors of (-65)/(-4) - (-4)/(-16).
2
Let h = 54 - 9. Suppose -4*w = -9*w + h. What are the prime factors of w?
3
Let m(b) = -b - 4. Let i(g) = -g**3 + g**2 - g - 4. Let s be i(0). Let a be m(s). List the prime factors of (-3)/(a + 1/(-3)).
3
Suppose -l = -4*v + 16, v - l + 6*l + 17 = 0. Suppose 0 = 2*n + v*n - 105. What are the prime factors of n?
3, 7
Let z = -58 - -123. Suppose -115 - z = -4*h. Suppose -5*u = 5*j - h, -3*u = -4*j - 9 - 25. What are the prime factors of u?
2, 5
Suppose -5*i = -3*j + 22, 0*j + 4*i = -2*j. Suppose g = j*g - 33. What are the prime factors of g?
11
Let j(w) = w**2 + 6*w - 3. Let f(g) = -g**2 + g. Let s be f(3). Let o be j(s). List the prime factors of 0 - 3/(o/7).
7
Suppose -4*y = -4*s - 3*y + 22, 0 = -2*s + 2*y + 14. Suppose 0 = -s*j + 6 - 1. What are the prime factors of ((-8)/20)/(j/(-10))?
2
Let m = 88 - 62. What are the prime factors of m?
2, 13
Let l(g) = g**3 + 5*g**2 + 7. Let x(v) = v - 9. Let j be x(7). Let q be (15/6)/(j/4). What are the prime factors of l(q)?
7
Let z be (2*2)/((-6)/(-12)). Let h = z - -5. What are the prime factors of h?
13
What are the prime factors of ((-171)/